{"id":151,"date":"2017-07-25T15:34:06","date_gmt":"2017-07-25T13:34:06","guid":{"rendered":"http:\/\/kursy.dev\/?page_id=151"},"modified":"2017-07-27T10:04:19","modified_gmt":"2017-07-27T08:04:19","slug":"regulamin","status":"publish","type":"page","link":"https:\/\/niania.pro\/opiekun\/regulamin\/","title":{"rendered":"Regulamin"},"content":{"rendered":"<p>[vc_row][vc_column][vc_custom_heading text=&#8221;Regulamin&#8221; use_theme_fonts=&#8221;yes&#8221;][vc_empty_space][vc_column_text]<\/p>\n<ol>\n<li>Operator Platformy Edukacyjnej zwana dalej Operatorem, udost\u0119pnia swoim u\u017cytkownikom Platform\u0119 Edukacyjn\u0105 kt\u00f3ra umo\u017cliwia bezp\u0142atne uczestnictwo w wyk\u0142adach i czacie.<\/li>\n<li>Dost\u0119p do Platformy Edukacyjnej posiadaj\u0105 wszyscy u\u017cytkownicy publicznej sieci Internet. U\u017cytkownikiem Platformy Edukacyjnej mo\u017ce by\u0107 ka\u017cda osoba fizyczna, kt\u00f3ra zarejestruje si\u0119 podaj\u0105c wymagane dane.<\/li>\n<li>U\u017cytkownikiem wyk\u0142adu na Platformie Edukacyjnej korzystaj\u0105cy z czatu publikuje swoje komentarze i opinie wy\u0142\u0105cznie na w\u0142asn\u0105 odpowiedzialno\u015b\u0107. Operator nie ponosi jakiejkolwiek odpowiedzialno\u015bci za tre\u015bci zamieszczane przez U\u017cytkownika.<\/li>\n<li>Niedopuszczalne jest umieszczanie przez U\u017cytkownika na czacie tre\u015bci sprzecznych z prawem, wzywaj\u0105cych do nienawi\u015bci rasowej, wyznaniowej, etnicznej, czy te\u017c propaguj\u0105cych przemoc w \u015bwiecie rzeczywistym.<\/li>\n<li>Niedopuszczalne jest umieszczanie przez U\u017cytkownika na czacie tre\u015bci uznanych powszechnie za naganne moralnie, spo\u0142ecznie niew\u0142a\u015bciwych, b\u0119d\u0105cych pom\u00f3wieniami czy te\u017c celowo obra\u017aliwych dla wywo\u0142ania k\u0142\u00f3tni (tzw. trolling).<\/li>\n<li>Niedopuszczalne jest r\u00f3wnie\u017c umieszczanie przez U\u017cytkownikiem na czacie przekaz\u00f3w reklamowych.<\/li>\n<li>U\u017cytkownik musi przestrzega\u0107 polece\u0144 operatora czatu.<\/li>\n<li>Operator zastrzega sobie prawo do usuwania tre\u015bci, o kt\u00f3rych mowa w par. 4, 5 i 6 niniejszego regulaminu, jak r\u00f3wnie\u017c prawo do blokowania uczestnictwa w czacie w stosunku do os\u00f3b naruszaj\u0105cych w spos\u00f3b notoryczny postanowienia par. 4, 5 i 6 regulaminu. Operator mo\u017ce r\u00f3wnie\u017c przekaza\u0107 pozostaj\u0105ce w jego posiadaniu dane uczestnik\u00f3w czatu s\u0105dowi, prokuraturze, policji i innym uprawnionym organom pa\u0144stwa na potrzeby prowadzonych przez nie post\u0119powa\u0144.<\/li>\n<li>Operator do\u0142o\u017cy wszelkich stara\u0144 w celu zapewnienia prawid\u0142owego dzia\u0142ania Platformy Edukacyjnej oraz udzieli pomocy w rozwi\u0105zywaniu problem\u00f3w dotycz\u0105cych jego funkcjonowania.<\/li>\n<li>Regulamin niniejszy obowi\u0105zuje od momentu jego opublikowania. Operatora zastrzega sobie prawo do wprowadzania zmian w niniejszym regulaminie. Wszelkie zmiany staj\u0105 si\u0119 obowi\u0105zuj\u0105ce w momencie ich opublikowania na tej stronie.<\/li>\n<li>Operator dok\u0142ada wszelkich stara\u0144, aby publikowane przez ni\u0105 informacje by\u0142y mo\u017cliwie jak najbardziej dok\u0142adne i aktualne. Nie odpowiada jednak za \u017cadne b\u0142\u0119dy merytoryczne i techniczne Wyk\u0142adowcy, kt\u00f3ry ma wyk\u0142ad, chyba \u017ce dosz\u0142o w tym wzgl\u0119dzie do celowego zawinionego dzia\u0142ania Operatora.<\/li>\n<li>Materia\u0142y umieszczone s\u0105 na stronie za zgod\u0105 wyk\u0142adowc\u00f3w lub na ich zlecenie. Materia\u0142y udost\u0119pnione s\u0105 tylko do odczytu. Kopiowanie lub powielanie w inny spos\u00f3b bez zgody wyk\u0142adowc\u00f3w jest zabronione.<\/li>\n<li>Informacje zamieszczane w materia\u0142ach Wyk\u0142adowc\u00f3w, cho\u0107 autorzy szkole\u0144 dok\u0142adaj\u0105 wszelkich stara\u0144 by publikowana wiedza merytoryczna i techniczna nie zawiera\u0142a b\u0142\u0119d\u00f3w ? gdyby jednak to mia\u0142o miejsce, nie mog\u0105 by\u0107 podstaw\u0105 do roszcze\u0144 w stosunku do Operatora i Wyk\u0142adowc\u00f3w. Tre\u015b\u0107 wyk\u0142ad\u00f3w oraz slajdy prezentacji maj\u0105 charakter autorski i nie s\u0105 obowi\u0105zuj\u0105cym \u017ar\u00f3d\u0142em prawa, lub informacj\u0105 o zakresie stosowania przepis\u00f3w prawa.<\/li>\n<li>Operator nie ponosi \u017cadnej odpowiedzialno\u015bci z tytu\u0142u tre\u015bci wyk\u0142ad\u00f3w Wyk\u0142adowc\u00f3w, zamieszczanych informacji na slajdach prezentacji. Wyk\u0142ady maja charakter autorski.<\/li>\n<li>Operator nie ma \u017cadnego wp\u0142ywu na tre\u015bci, zamieszczone na slajdach wyk\u0142adu, do kt\u00f3rych odsy\u0142acze mo\u017cna znale\u017a\u0107 w serwisie i nie odpowiada za nie. Do\u0142o\u017cy jednak nale\u017cytych stara\u0144, aby zapobiec informowaniu oraz reklamowaniu stron i serwis\u00f3w, kt\u00f3re w spos\u00f3b jawny naruszaj\u0105 prawo.<\/li>\n<li>Operator wyra\u017ca przekonanie, \u017ce wszelkie informacje i utwory (w szczeg\u00f3lno\u015bci zdj\u0119cia, rysunki, sekwencje wideo) pojawiaj\u0105ce si\u0119 na Platformie Edukacyjnej, nie zosta\u0142y w nim zamieszczone wbrew woli ich autor\u00f3w lub innych podmiot\u00f3w, dysponuj\u0105cych prawami do nich.<\/li>\n<li>W ka\u017cdej chwili na wniosek uprawnionej osoby, Operator niezw\u0142ocznie zaprzestanie wykorzystywania konkretnych materia\u0142\u00f3w.<\/li>\n<li>Integraln\u0105 cz\u0119\u015bci\u0105 Regulamin jest Polityka Prywatno\u015bci i Netykieta<\/li>\n<\/ol>\n<p>[\/vc_column_text][\/vc_column][\/vc_row]<\/p>\n","protected":false},"excerpt":{"rendered":"<p>[vc_row][vc_column][vc_custom_heading text=&#8221;Regulamin&#8221; use_theme_fonts=&#8221;yes&#8221;][vc_empty_space][vc_column_text] Operator Platformy Edukacyjnej zwana dalej Operatorem, udost\u0119pnia swoim u\u017cytkownikom Platform\u0119 Edukacyjn\u0105 kt\u00f3ra umo\u017cliwia bezp\u0142atne uczestnictwo w wyk\u0142adach i czacie. Dost\u0119p do Platformy Edukacyjnej posiadaj\u0105 wszyscy u\u017cytkownicy publicznej sieci Internet. U\u017cytkownikiem Platformy Edukacyjnej mo\u017ce by\u0107 ka\u017cda osoba fizyczna, kt\u00f3ra zarejestruje si\u0119 podaj\u0105c wymagane dane. U\u017cytkownikiem wyk\u0142adu na Platformie Edukacyjnej korzystaj\u0105cy z czatu publikuje [&hellip;]<\/p>\n","protected":false},"author":1,"featured_media":0,"parent":0,"menu_order":3,"comment_status":"closed","ping_status":"closed","template":"","meta":[],"_links":{"self":[{"href":"https:\/\/niania.pro\/opiekun\/wp-json\/wp\/v2\/pages\/151"}],"collection":[{"href":"https:\/\/niania.pro\/opiekun\/wp-json\/wp\/v2\/pages"}],"about":[{"href":"https:\/\/niania.pro\/opiekun\/wp-json\/wp\/v2\/types\/page"}],"author":[{"embeddable":true,"href":"https:\/\/niania.pro\/opiekun\/wp-json\/wp\/v2\/users\/1"}],"replies":[{"embeddable":true,"href":"https:\/\/niania.pro\/opiekun\/wp-json\/wp\/v2\/comments?post=151"}],"version-history":[{"count":5,"href":"https:\/\/niania.pro\/opiekun\/wp-json\/wp\/v2\/pages\/151\/revisions"}],"predecessor-version":[{"id":239,"href":"https:\/\/niania.pro\/opiekun\/wp-json\/wp\/v2\/pages\/151\/revisions\/239"}],"wp:attachment":[{"href":"https:\/\/niania.pro\/opiekun\/wp-json\/wp\/v2\/media?parent=151"}],"curies":[{"name":"wp","href":"https:\/\/api.w.org\/{rel}","templated":true}]}}